= -94 - -88. What is s(b)?
-3
Let b(v) = v**2 - 4*v + 6. Suppose 4*o + 39 = 55. Calculate b(o).
6
Let a(r) = -r**3 - 6*r**2 - 7*r - 5. Let d(k) = k - 12. Let p be d(8). Calculate a(p).
-9
Let u(t) = -1 - t + 1 - 9. Give u(0).
-9
Let l(u) = -u**2 - 15*u - 19. Let v be l(-14). Let d(j) = -j**3 - 5*j**2 + 6. What is d(v)?
6
Let h(d) = 2*d + 11. Let n be h(-3). Let x(s) = 7 + 2*s + 0*s - 3*s. Give x(n).
2
Let w(x) = -1 - 28*x + 55*x - 28*x. Calculate w(5).
-6
Let w = 12 - 10. Let i(y) = 8 - 2*y - w - y**2 - 4*y. Let p = -2 + -4. Give i(p).
6
Let n = 1 + -1. Let x = 13 + -7. Let t(s) = -s + 8*s - x*s - 1. What is t(n)?
-1
Let b(g) be the first derivative of -1/2*g**2 - 3*g - 1/3*g**3 - 3. Let p(w) be the first derivative of b(w). Give p(-2).
3
Let n(v) = -v - 8. Let s(z) = 11*z**2 + 5*z - 6. Let t(q) = 7*q**2 + 3*q - 4. Let l(j) = 5*s(j) - 8*t(j). Let x be l(2). Calculate n(x).
-8
Let l(h) = -h**3 - 5*h**2 + 5*h + 3. Let f(s) = 7*s + 36. Let r be f(-6). What is l(r)?
9
Let p(c) = 3 - c**2 + 0 + 0*c**2. Let w = -11 - -16. Let o be w*-1 + 2 + 0. Give p(o).
-6
Let r(w) = -w. Let k(c) = -c**2 + 2*c. Let d(f) = k(f) + 2*r(f). Calculate d(0).
0
Suppose -2*o = 3*o. Let c(a) be the first derivative of -a**2/2 + 6*a - 2. Calculate c(o).
6
Let p(a) = -a**2 - 9*a - 7. Let g be p(-8). Let i(w) = 4*w + 5. Let y be (-4 - -2)*(-1)/(-2). Let v(t) = -t + 1. Let q(x) = y*i(x) + 4*v(x). What is q(g)?
-9
Let n(d) be the first derivative of d**6/120 - d**5/12 + d**4/12 + d**3/3 + 3*d**2/2 + 7. Let g(h) be the second derivative of n(h). Give g(3).
-10
Let k(s) be the second derivative of 0 + 1/24*s**4 - 1/60*s**5 + 1/2*s**2 - 1/2*s**3 + s. Let u(i) be the first derivative of k(i). Calculate u(0).
-3
Let k be (0/(3/1))/(-1). Suppose 0 = -2*h - 2*f - 4, 5*h = -f + 6*f + 40. Let b(x) = -8*x + k + h*x + 2 + x**2. Calculate b(5).
2
Let n = 180 - 177. Let q(b) = b**2 - 5*b - 4. Give q(n).
-10
Let h(l) = 3 - 1 + l**2 + 4*l + 1 + 0*l. What is h(-5)?
8
Let b(k) = -8*k**2 - 2*k - 1. Let h(q) = 40*q**2 + 11*q + 5. Let n(i) = -11*b(i) - 2*h(i). Determine n(-1).
9
Let t(s) = -s - 4. Suppose -3*i + 2*a - 12 = -a, 2*a = 0. Give t(i).
0
Let s(b) = -b + 3. Let j be 0/((-1)/1 + -1). Give s(j).
3
Let c = 75 + -75. Let a(k) be the second derivative of -k**5/60 + 5*k**3/6 - k**2/2 + k. Let j(r) be the first derivative of a(r). Determine j(c).
5
Let g(u) = -2*u**3 - u**3 - u**2 - 2*u**2 + 2*u**3 - 2. Suppose 0 = z + 1 + 2. Determine g(z).
-2
Let j(v) = 3*v + 3. Let f(c) = -c**3 + 6*c**2 + 6*c + 9. Let d be f(7). Suppose -d = t - 3*t. Let i be (0 - 2)/(t/2). Calculate j(i).
-9
Let k(v) = -v**2 + 9*v - 10. Suppose 0 = l - 20 + 13. Determine k(l).
4
Let p(j) = -j**2 - 1. Let w(m) = m**3 - 8*m**2 - 9*m + 3. Let d(u) = 2*p(u) - w(u). Give d(7).
9
Let v(p) = -2*p**3 + 2*p**2 + 8*p - 7. Let r(g) = g**3 - g**2 - 4*g + 4. Let s(f) = 5*r(f) + 3*v(f). Give s(3).
-7
Let b = -5 - -8. Let a(w) = -6*w + 2 + b*w**2 - 4*w + 9*w. Calculate a(-2).
16
Let j(y) be the second derivative of -y**3/6 - 2*y. Determine j(3).
-3
Suppose -5*n = -2*w - 11, 4*w - 2*n - 2 = -0*n. Let l(g) be the second derivative of g**4/6 + g**3/6 - g. Calculate l(w).
10
Let h(w) = 2*w - 8 + 2 + 2*w**2 + 2. Let t = 0 + -3. Determine h(t).
8
Let r(x) be the third derivative of -7/30*x**5 + 0 + 0*x - 8*x**2 - 1/6*x**3 - 1/24*x**4. Calculate r(-1).
-14
Suppose 5*d + 5 + 15 = 0. Let a(c) = -c**3 - 5*c**2 + 4. What is a(d)?
-12
Suppose 9*y + 9*y - 15*y = 0. Let q(i) be the third derivative of -i**4/24 - 11*i**3/6 - 2*i**2. Give q(y).
-11
Let a(k) be the second derivative of -k**3/2 + 5*k**2/2 + k. Let r(c) = c + 2. Let g be r(2). Determine a(g).
-7
Let m(j) = j**3 + 2*j**2. Suppose -n + 4 = 2*v - 2*n, -3*v = -2*n - 6. Calculate m(v).
16
Let x(m) be the second derivative of 1/6*m**3 - 3*m + 7/2*m**2 + 0. What is x(-5)?
2
Let t(k) be the first derivative of -k**4/4 - 4*k**3/3 - k**2 - k + 2. Let f = 3 + -4. Let j = f - 2. What is t(j)?
-4
Suppose -12*m - 12*m = 144. Let l(j) = -2*j - 1. Determine l(m).
11
Let r(t) be the third derivative of t**5/60 - t**4/4 + 4*t**3/3 - 9*t**2. Give r(6).
8
Let i(b) = -b**2 - b. Let u(m) = m**3 - 5*m**2 - 6*m - 1. Let j(q) = 6*i(q) - u(q). Let f = -1 - 2. Let g = f + 1. Calculate j(g).
5
Suppose -8*p - 32 = -4*p. Let l(r) = -r**2 - 7*r - 2. Give l(p).
-10
Let u = 16 - 9. Let c(x) = 7 - 4*x - 1 - x**2 + 5*x - u*x. Give c(-5).
11
Let c(y) = -5*y**2. Suppose -d + 12 = -2*s, 4*d + s = -3*s - 12. Suppose -6*h - d = -4*h. What is c(h)?
-5
Suppose -g + 6*g = 15. Let j = -3 + g. Let z(a) = 5*a**3 - 6 + 3*a**2 - 4*a**3 + 2*a**2 - 4*a**2. Give z(j).
-6
Let b(m) = m**2 - 53 + 99 - 51 + 4*m. Let c(a) = a**3 + 3*a**2 - 4*a - 4. Let p be c(-4). Give b(p).
-5
Let d(s) = 5*s**3 - 4*s**2 + 5*s - 7. Let v(m) = 9*m**3 - 8*m**2 + 10*m - 13. Let b(z) = -7*d(z) + 4*v(z). Calculate b(3).
3
Let y(b) = -b**3 + 6*b**2 - 8*b + 6. Let k = -4 + -6. Let o be k/(-15)*30/2. Suppose 4*x - 6*x = -o. Determine y(x).
-9
Suppose -7*h = -2*h - 4*x - 3, 0 = -5*x + 15. Let y(g) = 3*g - 9. Let s be y(7). Suppose 0 = h*d - 7*d - s. Let f(p) = -2*p**2 - 3*p + 2. Calculate f(d).
-7
Suppose 34 = -5*f - z, -f = -0*z + 4*z + 3. Let h(o) = -o**3 - 8*o**2 - 5*o + 3. Give h(f).
-11
Let q(w) = 3 + 4*w**2 - 2 - 3*w**2. Let i = -2 + 2. Let t be q(i). Let f(c) = c. Give f(t).
1
Let z(m) = -2*m**3 + 12*m**2 + m + 23. Let p(t) = t**3 - 6*t**2 - t - 11. Let b(y) = 13*p(y) + 6*z(y). What is b(7)?
-5
Let o(w) = -w**2 - 5*w - 4. Let p be (-10)/(-4)*(-36)/(-30). Suppose 3 = -p*l - 12. Give o(l).
-4
Let r(j) = 4 - 3 - j - 1 + 2. Give r(-5).
7
Let i(d) be the first derivative of -d**5/60 - d**4/12 - d**3/6 - 3*d**2 - 1. Let o(r) be the second derivative of i(r). What is o(-1)?
0
Let u(c) = -4 - c + c**2 + c**2 - 3*c**2. Let k(n) = -n**3 + 4*n**2 - 2*n - 2. Let p be k(3). Let a be (-1 + p)*1/(-2). Determine u(a).
-4
Let x(g) be the first derivative of g**3/3 + 7*g**2/2 + 9*g - 3. Let f be x(-6). Let n(u) = -u - 3*u + 0 + f. Determine n(2).
-5
Let k(o) = o**2 - 11*o - 5. Let u be k(7). Let l be (-5)/(u/6 - -3). Let w(z) = 2*z - 1. What is w(l)?
3
Suppose -2*r + 0*s + 4*s + 8 = 0, 0 = -2*r - 3*s - 13. Let i(p) be the second derivative of -p**4/12 + p**3/3 + 3*p**2/2 - 2*p. Calculate i(r).
-5
Let k(a) = -13*a. Let j(f) = -7*f. Let n(r) = 11*j(r) - 6*k(r). Determine n(-6).
-6
Let g(c) = 10*c**2 + c - 1. Let p(b) = 3*b**2. Let d = -1 + 3. Suppose d*f + 5*v + 9 = 0, 0 = -0*v + 3*v + 3. Let q(u) = f*g(u) + 7*p(u). Calculate q(2).
2
Let h(l) be the second derivative of 3*l**4/4 - l**3 + l**2/2 - l. Let s(c) = 9*c**2 - 5*c + 1. Let g(o) = 5*h(o) - 6*s(o). Determine g(1).
-10
Let w = 4 - 2. Let u = 0 - 0. Let i be 4*(w/(-4) + u). Let r(d) = -d**3 + d**2 + 3*d + 2. Give r(i).
8
Let b(l) = 5*l + 1 - 4 - 7*l + 3*l. Determine b(-4).
-7
Let w(t) be the second derivative of t**5/20 - t**4/4 - t**3/2 - t**2 + 9*t. Give w(4).
2
Let r(t) = -t**2 - t - 3. Suppose 2*b + 2*a = 14, b + 3*b + 2*a = 24. Let l be 1 + (-1 - b - -2). Give r(l).
-9
Suppose -r + 3 = 1. Let n(v) = -5 + 2 - 1 + 3*v**2 - v**3 + r*v. Let l = -8 + 11. Calculate n(l).
2
Let t(z) be the second derivative of z**3/3 - 2*z**2 + 2*z. Let n be 3 + (4 - 0) + -2. Give t(n).
6
Let q(b) = -3*b**3 - 11*b**2 - 3*b + 1. Let k(l) = -4*l**3 - 4*l**2 + 10*l**2 - 3*l + 5*l + 6*l**3. Let t(d) = 5*k(d) + 3*q(d). What is t(3)?
6
Suppose -3 = -5*m + 2. Let f(x) be the first derivative of -x**4/4 + x**3/6 - 2*x + 1. Let v(a) be the first derivative of f(a). Determine v(m).
-2
Let l(z) be the first derivative of 7*z**3/3 - z**2 - z + 1. Suppose -3*h - 1 = -10. Suppose 3*t + 3*k = -h - 6, 9 = -5*t - 2*k. What is l(t)?
8
Let r(a) be the second derivative of 2*a**5/5 + a**4/12 - a**3/6 + a. Suppose t + 0 - 1 = 2*m, 0 = -2*m + 3*t - 7. Calculate r(m).
8
Let f(p) = -13*p**2 + 1. Suppose r - 2*r = 1. Calculate f(r).
-12
Let t(c) = -2 + 3 + 3 - 27*c + 28*c. Give t(-7).
-3
Let w(u) be the second derivative of u**3 - u**2 - 9*u. What is w(2)?
10
Let o(a) = -a**3 + 5*a**2 + 7*a - 5. Suppose -11 - 6 = -5*s - 2*t, 0 = -4*s - 2*t + 12. Suppose -2*w - b = -2*b - 7, 3*w + s*b - 43 = 0. What is o(w)?
1
Let k(j) = -j + 1 - 5 - 4. What is k(-6)?
-2
Let h(s) = 15*s**3 + 14*s**2 + 10*s + 2. Let a(g) = 7*g**3 + 7*g**2 + 5*g + 1. Let x(j) = 13*a(j) - 6*h(j). What is